21b
Convert -411 (base 16) to base 4.
-100101
What is -3c6 (base 15) in base 2?
-1101011101
2a21c (base 13) to base 5
10020310
1177 (base 11) to base 3
2002220
Convert 2c26 (base 13) to base 16.
1936
What is -2a58 (base 12) in base 9?
-6725
What is -1aa (base 14) in base 2?
-101011010
121322 (base 8) to base 13
15c84
-55445 (base 6) to base 11
-58a0
What is 4314 (base 5) in base 13?
35c
2dc (base 14) to base 7
1465
-2322031 (base 4) to base 7
-46513
335 (base 11) to base 16
191
What is 2456 (base 7) in base 8?
1633
What is 57545 (base 8) in base 10?
24421
What is 100021 (base 3) in base 11?
208
1dd (base 15) to base 5
3213
What is -2d81 (base 16) in base 15?
-36b9
d8d (base 15) to base 8
5762
What is 17005 (base 9) in base 12?
6905
What is -106a (base 13) in base 4?
-203231
What is 451 (base 10) in base 8?
703
Convert -18455 (base 10) to base 5.
-1042310
What is -100025 (base 9) in base 7?
-334136
-77562 (base 8) to base 11
-22570
20211000 (base 3) to base 12
2a60
What is -133 (base 13) in base 11?
-182
Convert 456 (base 12) to base 14.
33c
5ab2 (base 13) to base 14
495a
What is 3a2 (base 15) in base 12?
58b
Convert -21002 (base 3) to base 8.
-277
Convert -743 (base 10) to base 14.
-3b1
-1000011 (base 2) to base 11
-61
Convert 12032 (base 7) to base 6.
22222
-47 (base 16) to base 6
-155
-1396a (base 12) to base 6
-330214
Convert 34c (base 15) to base 13.
456
Convert -45511 (base 6) to base 9.
-8757
Convert 13a (base 14) to base 3.
100012
What is -1748 (base 10) in base 2?
-11011010100
Convert -2030221 (base 5) to base 7.
-165516
What is -2833 (base 10) in base 6?
-21041
-59 (base 12) to base 16
-45
Convert -1010100000 (base 2) to base 7.
-1650
Convert 11245 (base 7) to base 14.
1095
-371 (base 15) to base 16
-30d
What is -2430 (base 6) in base 3?
-211000
-43134 (base 6) to base 8
-13402
What is 10110011100100 (base 2) in base 14?
428c
What is 11103120 (base 4) in base 16?
54d8
Convert -51 (base 6) to base 11.
-29
What is -11c66 (base 13) in base 2?
-1000000001100110
Convert 2213032 (base 5) to base 11.
26a36
What is 51 (base 10) in base 9?
56
-655 (base 12) to base 8
-1641
-1b2cc (base 13) to base 15
-10b8e
Convert 31 (base 9) to base 12.
24
311302 (base 4) to base 8
6562
-1110101100 (base 2) to base 6
-4204
Convert 212113 (base 6) to base 7.
101340
What is -e5 (base 15) in base 13?
-137
Convert 201 (base 11) to base 5.
1433
38278 (base 10) to base 2
1001010110000110
-204401 (base 6) to base 10
-16561
Convert a5 (base 13) to base 9.
160
170 (base 9) to base 15
99
Convert 3603 (base 14) to base 9.
13816
Convert -40402 (base 5) to base 6.
-20014
Convert -366 (base 11) to base 9.
-533
-512 (base 7) to base 4
-3332
Convert -12270 (base 8) to base 3.
-21021110
-623e (base 16) to base 11
-17994
Convert 1755 (base 10) to base 8.
3333
What is -561 (base 9) in base 6?
-2044
Convert 10062 (base 8) to base 10.
4146
Convert 1312414 (base 5) to base 2.
110010110000000
What is -1880 (base 10) in base 6?
-12412
Convert -220212022 (base 3) to base 7.
-103562
3a9 (base 15) to base 6
3510
-4593 (base 10) to base 7
-16251
20323 (base 5) to base 4
110322
What is -123423 (base 6) in base 16?
-2ba7
Convert 4b1 (base 14) to base 13.
573
5838 (base 10) to base 3
22000020
Convert 23110 (base 4) to base 13.
439
106 (base 10) to base 12
8a
What is 14949 (base 13) in base 14?
1028b
What is -5243 (base 8) in base 14?
-dc7
-14d (base 16) to base 6
-1313
What is 6831 (base 9) in base 8?
11672
Convert -3031121 (base 4) to base 14.
-4b0d
b37d (base 16) to base 3
2100000211
132a (base 11) to base 16
6be
-3074 (base 8) to base 9
-2163
What is 15594 (base 10) in base 9?
23346
145 (base 14) to base 15
122
What is 167 (base 16) in base 8?
547
Convert -9a8 (base 14) to base 5.
-30122
-121143 (base 5) to base 15
-1533
Convert -1985 (base 10) to base 15.
-8c5
101211 (base 3) to base 14
16c
What is -13354 (base 7) in base 8?
-7040
Convert -11000 (base 2) to base 9.
-26
-7c9 (base 16) to base 4
-133021
Convert 366 (base 10) to base 9.
446
Convert -10008 (base 9) to base 8.
-14651
Convert 695 (base 13) to base 8.
2160
Convert 763 (base 10) to base 6.
3311
2228 (base 10) to base 13
1025
-166 (base 16) to base 7
-1021
What is -2214 (base 7) in base 15?
-380
Convert -74 (base 11) to base 15.
-56
Convert -13000202 (base 4) to base 14.
-a666
What is -37357 (base 8) in base 3?
-211002201
Convert 3c3 (base 15) to base 8.
1532
Convert -11110001000 (base 2) to base 4.
-132020
What is -46 (base 8) in base 14?
-2a
Convert -3579 (base 10) to base 2.
-110111111011
Convert -10011011111 (base 2) to base 4.
-103133
Convert 10f (base 16) to base 12.
1a7
Convert 101010000010110 (base 2) to base 13.
9a4b
Convert -4240 (base 5) to base 12.
-3b6
c74 (base 13) to base 12
128b
Convert a8c (base 15) to base 3.
10021020
-27f (base 16) to base 3
-212200
What is 2410101 (base 5) in base 11?
303a5
-5e3 (base 15) to base 14
-6b8
Convert -53335 (base 6) to base 4.
-1301123
What is -5da (base 15) in base 10?
-1330
-1113200 (base 4) to base 2
-1010111100000
What is -261 (base 10) in base 9?
-320
-260 (base 9) to base 6
-1000
Convert 10200 (base 3) to base 14.
71
20a (base 14) to base 2
110010010
112333 (base 4) to base 11
1118
What is 14240 (base 6) in base 7?
6402
-102 (base 11) to base 10
-123
-8751 (base 11) to base 13
-5347
-13220 (base 7) to base 10
-3542
Convert -4300 (base 8) to base 15.
-9e5
Convert -22111201 (base 3) to base 11.
-4729
What is -5643 (base 9) in base 4?
-1001022
10203 (base 4) to base 16
123
Convert 46a4 (base 13) to base 14.
389a
2b9 (base 12) to base 4
12231
-397 (base 11) to base 12
-331
-8211 (base 10) to base 5
-230321
What is -1021323 (base 5) in base 4?
-10023000
What is -1452 (base 9) in base 12?
-778
Convert 1302 (base 11) to base 10.
1696
Convert 47 (base 12) to base 5.
210
What is -96a4 (base 16) in base 10?
-38564
What is -312 (base 4) in base 12?
-46
What is 6164 (base 7) in base 6?
13545
Convert 12857 (base 10) to base 15.
3c22
-16983 (base 10) to base 7
-100341
Convert 10341 (base 5) to base 11.
5a6
Convert 26b (base 12) to base 9.
452
Convert 238 (base 9) to base 8.
305
-8731 (base 16) to base 15
-a3c4
1367 (base 11) to base 9
2373
508 (base 16) to base 4
110020
Convert 4033 (base 6) to base 7.
2403
What is -26137 (base 8) in base 5?
-330414
Convert -2321012 (base 4) to base 15.
-379b
Convert 463 (base 10) to base 12.
327
What is 234 (base 11) in base 5?
2104
11002 (base 9) to base 12
4278
323 (base 9) to base 6
1120
What is -1021021 (base 3) in base 11?
-771
32144 (base 6) to base 3
20000101
What is 66b (base 13) in base 15?
4d8
Convert 1319 (base 10) to base 4.
110213
142 (base 7) to base 3
2221
Convert 7717 (base 9) to base 16.
1636
4aa9 (base 12) to base 8
20441
Convert 2525 (base 7) to base 12.
672
598 (base 11) to base 9
871
Convert -218 (base 10) to base 3.
-22002
-20331332 (base 4) to base 9
-55345
Convert -54340 (base 9) to base 11.
-25058
What is 2533 (base 7) in base 15?
43a
Convert -25150 (base 9) to base 16.
-41fd
Convert 4c9 (base 13) to base 4.
31021
Convert 4442 (base 7) to base 12.
b12
What is -2312332 (base 4) in base 16?
-2dbe
204 (base 14) to base 12
290
What is -1034000 (base 5) in base 10?
-18000
What is -367 (base 13) in base 10?
-592
What is -c9 (base 13) in base 10?
-165
Convert -53314 (base 9) to base 16.
-89b0
2442 (base 7) to base 16
390
Convert 86a4 (base 13) to base 11.
13082
10011001001 (base 2) to base 14
637
1313 (base 4) to base 12
9b
-1a055 (base 11) to base 14
-a2cb
Convert 31056 (base 8) to base 12.
7526
Convert -17c (base 13) to base 11.
-228
Convert 414 (base 11) to base 5.
3444
Convert -3303 (base 6) to base 12.
-533
What is -549 (base 15) in base 12?
-836
What is -1b31 (base 12) in base 5?
-101344
What is 2445 (base 8) in base 6?
10033
Convert 15264 (base 9) to base 3.
112022011
Convert 3101 (base 5) to base 10.
401
Convert 65 (base 15) to base 4.
1133
250 (base 13) to base 9
487
-6061 (base 9) to base 3
-20002001
What is 1002 (base 5) in base 14?
91
What is -160 (base 12) in base 9?
-260
Convert -152 (base 11) to base 2.
-10110010
What is -12605 (base 11) in base 5?
-1034114
Convert -216a (base 13) to base 6.
-33311
What is 15624 (base 7) in base 8?
10514
1320331 (base 4) to base 16
1e3d
-100001100100 (base 2) to base 5
-32043
Conve